{"id":410,"date":"2026-03-08T20:49:16","date_gmt":"2026-03-08T20:49:16","guid":{"rendered":"https:\/\/drustvo-svjakob.si\/?page_id=410"},"modified":"2026-03-08T21:01:13","modified_gmt":"2026-03-08T21:01:13","slug":"ostali-dogodki","status":"publish","type":"page","link":"https:\/\/drustvo-svjakob.si\/index.php\/ostali-dogodki\/","title":{"rendered":"Ostali dogodki"},"content":{"rendered":"\n<div class=\"wp-block-group alignfull has-global-padding is-layout-constrained wp-container-core-group-is-layout-72f47186 wp-block-group-is-layout-constrained\" style=\"margin-top:0;margin-bottom:0;padding-top:var(--wp--preset--spacing--superbspacing-medium);padding-right:var(--wp--preset--spacing--superbspacing-small);padding-bottom:var(--wp--preset--spacing--superbspacing-medium);padding-left:var(--wp--preset--spacing--superbspacing-small)\">\n<div class=\"wp-block-columns is-layout-flex wp-container-core-columns-is-layout-28f84493 wp-block-columns-is-layout-flex\">\n<div class=\"wp-block-column has-border-color has-mono-3-border-color is-layout-flow wp-block-column-is-layout-flow\" style=\"border-width:1px;padding-top:var(--wp--preset--spacing--superbspacing-xsmall);padding-right:var(--wp--preset--spacing--superbspacing-xsmall);padding-bottom:var(--wp--preset--spacing--superbspacing-xsmall);padding-left:var(--wp--preset--spacing--superbspacing-xsmall)\">\n<h3 class=\"wp-block-heading has-superbfont-medium-font-size\" style=\"margin-top:0;margin-bottom:0\"><\/h3>\n\n\n\n<p class=\"has-base-color has-text-color has-superbfont-xsmall-font-size\" style=\"margin-top:var(--wp--preset--spacing--superbspacing-xxsmall);margin-bottom:0\"><\/p>\n\n\n\n<div class=\"wp-block-buttons is-content-justification-center is-layout-flex wp-container-core-buttons-is-layout-a89b3969 wp-block-buttons-is-layout-flex\"><\/div>\n<\/div>\n\n\n\n<div class=\"wp-block-column has-border-color has-mono-3-border-color is-layout-flow wp-block-column-is-layout-flow\" style=\"border-width:1px;padding-top:var(--wp--preset--spacing--superbspacing-xsmall);padding-right:var(--wp--preset--spacing--superbspacing-xsmall);padding-bottom:var(--wp--preset--spacing--superbspacing-xsmall);padding-left:var(--wp--preset--spacing--superbspacing-xsmall)\">\n<h3 class=\"wp-block-heading has-superbfont-medium-font-size\" style=\"margin-top:0;margin-bottom:0\"><strong>Od jaslic do jaslic ter Jaslice v komendski \u017eupnijski cerkvi<\/strong><\/h3>\n\n\n\n<figure class=\"wp-block-image size-full\"><img loading=\"lazy\" decoding=\"async\" width=\"2560\" height=\"1707\" src=\"https:\/\/drustvo-svjakob.si\/wp-content\/uploads\/2026\/03\/Kopija-dokumenta-DSC_5224-scaled.jpg\" alt=\"\" class=\"wp-image-411\" srcset=\"https:\/\/drustvo-svjakob.si\/wp-content\/uploads\/2026\/03\/Kopija-dokumenta-DSC_5224-scaled.jpg 2560w, https:\/\/drustvo-svjakob.si\/wp-content\/uploads\/2026\/03\/Kopija-dokumenta-DSC_5224-768x512.jpg 768w, https:\/\/drustvo-svjakob.si\/wp-content\/uploads\/2026\/03\/Kopija-dokumenta-DSC_5224-1536x1024.jpg 1536w, https:\/\/drustvo-svjakob.si\/wp-content\/uploads\/2026\/03\/Kopija-dokumenta-DSC_5224-2048x1366.jpg 2048w\" sizes=\"auto, (max-width: 2560px) 100vw, 2560px\" \/><\/figure>\n\n\n\n<p class=\"has-base-color has-text-color has-superbfont-xsmall-font-size\" style=\"margin-top:var(--wp--preset--spacing--superbspacing-xxsmall);margin-bottom:0\">Lepo do\u017eivetje v lepem vremenu, previdni hoji na poledenelem spodnjem delu poti, v primerni obutvi in obleki ter s pohodnimi palicami. Pohodnik si lahko ogleda ve\u010d kot 120 jaslic ob poti, nekaterih zelo skritih, drugih o\u010ditih. Postavljene so bile z veliko ljubezni in iznajdljivostjo, tudi naporom, iz veselja do rojstva Bo\u017ejega Deteta in v duhovno spodbudo ter navdih pohodnikom.<\/p>\n\n\n\n<div class=\"wp-block-buttons is-content-justification-center is-layout-flex wp-container-core-buttons-is-layout-a89b3969 wp-block-buttons-is-layout-flex\">\n<div class=\"wp-block-button is-style-outline is-style-outline--2\"><a class=\"wp-block-button__link has-contrast-dark-color has-luminous-vivid-amber-background-color has-text-color has-background has-link-color has-superbfont-xsmall-font-size has-custom-font-size wp-element-button\" href=\"https:\/\/drustvo-svjakob.si\/index.php\/2024\/12\/29\/od-jaslic-do-jaslic\/\">Preberi ve\u010d<\/a><\/div>\n<\/div>\n<\/div>\n\n\n\n<div class=\"wp-block-column has-border-color has-mono-3-border-color is-layout-flow wp-block-column-is-layout-flow\" style=\"border-width:1px;padding-top:var(--wp--preset--spacing--superbspacing-xsmall);padding-right:var(--wp--preset--spacing--superbspacing-xsmall);padding-bottom:var(--wp--preset--spacing--superbspacing-xsmall);padding-left:var(--wp--preset--spacing--superbspacing-xsmall)\">\n<h3 class=\"wp-block-heading has-superbfont-medium-font-size\" style=\"margin-top:0;margin-bottom:0\"><strong>Nem\u0161ke gradnje v Kamniku<\/strong><\/h3>\n\n\n\n<figure class=\"wp-block-image size-full\"><img loading=\"lazy\" decoding=\"async\" width=\"2560\" height=\"1707\" src=\"https:\/\/drustvo-svjakob.si\/wp-content\/uploads\/2026\/03\/DSC_2856-scaled.jpg\" alt=\"\" class=\"wp-image-419\" srcset=\"https:\/\/drustvo-svjakob.si\/wp-content\/uploads\/2026\/03\/DSC_2856-scaled.jpg 2560w, https:\/\/drustvo-svjakob.si\/wp-content\/uploads\/2026\/03\/DSC_2856-768x512.jpg 768w, https:\/\/drustvo-svjakob.si\/wp-content\/uploads\/2026\/03\/DSC_2856-1536x1024.jpg 1536w, https:\/\/drustvo-svjakob.si\/wp-content\/uploads\/2026\/03\/DSC_2856-2048x1366.jpg 2048w\" sizes=\"auto, (max-width: 2560px) 100vw, 2560px\" \/><\/figure>\n\n\n\n<p class=\"has-base-color has-text-color has-superbfont-xsmall-font-size\" style=\"margin-top:var(--wp--preset--spacing--superbspacing-xxsmall);margin-bottom:0\">Fran\u010di\u0161kanska dvorana v Kamniku je 14. novembra zve\u010der gostila \u0161tevilne prebivalce Kamnika in okolice (med njimi \u017eupana Mateja Slaparja), ki jih je posebej pritegnilo predavanje dr. Damjana Han\u010di\u010da, znanstvenega sodelavca na \u0160tudijskem centru za narodno spravo v Ljubljani, o Gradbenih projektih nem\u0161kega okupatorja v Kamniku. O tem govori tudi njegova knjiga <em>Postati del velike nem\u0161ke skupnosti, kamni\u0161ko okro\u017eje v \u010dasu nem\u0161ke okupacije 1941-1945<\/em><\/p>\n\n\n\n<div class=\"wp-block-buttons is-content-justification-center is-layout-flex wp-container-core-buttons-is-layout-a89b3969 wp-block-buttons-is-layout-flex\">\n<div class=\"wp-block-button is-style-outline is-style-outline--3\"><a class=\"wp-block-button__link has-contrast-dark-color has-luminous-vivid-amber-background-color has-text-color has-background has-link-color has-superbfont-xsmall-font-size has-custom-font-size wp-element-button\" href=\"https:\/\/drustvo-svjakob.si\/index.php\/2024\/11\/14\/nemske-gradnje-v-kamniku\/\">Preberi ve\u010d<\/a><\/div>\n<\/div>\n<\/div>\n<\/div>\n<\/div>\n","protected":false},"excerpt":{"rendered":"<p>Od jaslic do jaslic ter Jaslice v komendski \u017eupnijski cerkvi Lepo do\u017eivetje v lepem vremenu, previdni hoji na poledenelem spodnjem delu poti, v primerni obutvi in obleki ter s pohodnimi palicami. Pohodnik si lahko ogleda ve\u010d kot 120 jaslic ob poti, nekaterih zelo skritih, drugih o\u010ditih. Postavljene so bile z veliko ljubezni in iznajdljivostjo, tudi [&hellip;]<\/p>\n","protected":false},"author":1,"featured_media":0,"parent":0,"menu_order":0,"comment_status":"closed","ping_status":"closed","template":"","meta":{"footnotes":""},"class_list":["post-410","page","type-page","status-publish","hentry"],"jetpack_sharing_enabled":true,"_links":{"self":[{"href":"https:\/\/drustvo-svjakob.si\/index.php\/wp-json\/wp\/v2\/pages\/410","targetHints":{"allow":["GET"]}}],"collection":[{"href":"https:\/\/drustvo-svjakob.si\/index.php\/wp-json\/wp\/v2\/pages"}],"about":[{"href":"https:\/\/drustvo-svjakob.si\/index.php\/wp-json\/wp\/v2\/types\/page"}],"author":[{"embeddable":true,"href":"https:\/\/drustvo-svjakob.si\/index.php\/wp-json\/wp\/v2\/users\/1"}],"replies":[{"embeddable":true,"href":"https:\/\/drustvo-svjakob.si\/index.php\/wp-json\/wp\/v2\/comments?post=410"}],"version-history":[{"count":4,"href":"https:\/\/drustvo-svjakob.si\/index.php\/wp-json\/wp\/v2\/pages\/410\/revisions"}],"predecessor-version":[{"id":424,"href":"https:\/\/drustvo-svjakob.si\/index.php\/wp-json\/wp\/v2\/pages\/410\/revisions\/424"}],"wp:attachment":[{"href":"https:\/\/drustvo-svjakob.si\/index.php\/wp-json\/wp\/v2\/media?parent=410"}],"curies":[{"name":"wp","href":"https:\/\/api.w.org\/{rel}","templated":true}]}}